econd derivative of y**3/3 + 9*y**2/2 + y. Give q(n).
-3
Suppose -3*o = -x - 17, -3*o + 0*x - 4*x = -22. Let f(b) = 4*b + 1. Let l(r) = 15*r + 3. Let k(c) = -22*f(c) + 6*l(c). Calculate k(o).
8
Let u(h) be the third derivative of h**6/120 + h**5/4 - 17*h**4/24 - 8*h**3/3 + 8*h**2. Let c be u(-16). Let o(w) = -w**3 + w**2 - w + 10. Determine o(c).
10
Let u(r) be the third derivative of -r**8/1344 + r**7/2520 - r**5/120 - 5*r**4/24 + 2*r**2. Let i(c) be the second derivative of u(c). Determine i(1).
-5
Let g(p) = -416*p**2 - 16*p + 137*p**2 + 6 - 4*p + 140*p**2 + 142*p**2. Give g(6).
-6
Let l(h) = -6*h + 1. Let i(f) = 17*f - 4. Let n(s) = -3*i(s) - 8*l(s). Let d = 167 + -164. Calculate n(d).
-5
Let r(v) = -v**2 - 3*v + 1. Let b be (96/(-80))/((-4)/10). Suppose -1 = -4*f + 5*h - 8, 3 = -2*f + b*h. What is r(f)?
1
Let h(k) = -139*k + 12 - 126*k + 264*k. Determine h(10).
2
Let r(a) = -16 + 26*a - 2 - 9*a - 16*a. Give r(0).
-18
Let y(i) = 3*i**2 - 15*i + 8. Let d be y(8). Let v(b) = -2 - d*b - 8 + 81*b. Calculate v(7).
-3
Let l(o) = o**3 + o**2 - o - 1. Let b(c) = 6*c**3 + 12*c**2 - 5*c - 1. Let j(p) = b(p) - 5*l(p). Suppose 4*n + 5*w = -18, 4*n - 3*w + 5*w + 24 = 0. Give j(n).
4
Suppose -4*k + 30 = -9*k. Let o(b) = b**2 + b + 7. Give o(k).
37
Let b(i) = -19 + 17 + i**3 + 902*i + i**2 - 899*i. Calculate b(2).
16
Let d(j) = 7*j**2 - 2. Let m(n) = -1 + 2*n - n + 5*n**2 - 4*n**2. Let o(x) = d(x) - 6*m(x). Suppose 66*y - 449 = -53. Determine o(y).
4
Let s(m) be the first derivative of -9 - 1/2*m**2 + m. What is s(-4)?
5
Let n(h) = -h - 3. Suppose -3*g + 31 = 28. What is n(g)?
-4
Let u(z) = -15*z + 16*z - 7 + 6 - z**3 - 8*z**2 - 8. Give u(-8).
-17
Let n(p) = 2*p. Suppose 200 = -5*y + 5*f, 100 = -3*y - 5*f + 4*f. Let b = y + 30. Calculate n(b).
-10
Let x(u) = u + 1. Let y(f) = -5*f - 1. Let a(m) = -4*x(m) - y(m). Suppose 0 = 5*j + 8*j - 17*j. Let h be a(j). Let v(w) = w - 1. Determine v(h).
-4
Let j(v) = v**3 + 4*v**2 - 2*v - 1. Suppose -5*w + 5*t = 10, -2*w + 11*t - 6*t + 2 = 0. Calculate j(w).
7
Let r(i) = 2*i + 7. Let u = -3 - -5. Let d(t) = -5 + 4*t**u + 29*t - 35*t - 5*t**2. Let f be d(-6). Determine r(f).
-3
Suppose 0 = 4*y - 8*y - 4. Let p(l) = 3*l**3 + l**2 + l. Give p(y).
-3
Let q(a) = -a**2 + 2*a + 2. Suppose -3*t + 4 = -2. Let i be q(t). Suppose -20 = 4*w + i*z, z = -z - 4. Let y(l) = l**2 + l - 5. Give y(w).
7
Let d(t) = -t**2 + 6*t**2 - 45*t**2 + 6*t**2 + 1 - 22*t**2. What is d(1)?
-55
Let n(x) = -x**3 + 7*x**2 - 5*x - 2. Suppose -4*z = -z - 6. Let g = -2 - -7. Suppose -4*t = -r - r - 32, 0 = z*t - g*r - 32. Give n(t).
4
Let y(d) = -d**2 + 5*d + 5. Let g be (101 - (0 + 0))/(4 - 3). Let p = g + -94. Determine y(p).
-9
Let f be (8/(-14))/(((-32)/14)/8). Let h(w) = 2*w**2 - w. Calculate h(f).
6
Let d(u) = -11*u**3 - 3*u + 6. Let k(h) = 10*h**3 + 2*h - 5. Let c(j) = 4*d(j) + 5*k(j). Suppose 0 = -10*l - 9 - 1. What is c(l)?
-5
Let n(c) = 4*c**3 - 10732 + 5*c**2 + 10731 - 3*c**3 + 5*c. What is n(-5)?
-26
Let b(u) = u**3 - 24*u**2 + 24*u - 26. Let g = -1872 - -1895. Give b(g).
-3
Let j(z) be the second derivative of 7*z**3/3 - 3*z**2/2 + 27*z. What is j(3)?
39
Let s be (-3)/(1 + (-35)/20). Let i(n) = 2 + 0 + n + 0*n. Give i(s).
6
Let j be 8/52 - (-106)/(-13). Let i(u) be the third derivative of -u**4/24 - 2*u**3/3 + 89*u**2. Calculate i(j).
4
Suppose p - 5*u = -12, 0 = 2*p - 0*u - u + 6. Let k(q) = 4*q + 2*q - 3*q + 4 - 5. Determine k(p).
-7
Let u = 504 - 499. Let r(x) = -x**3 + x + 1. Let h(q) = 6*q**3 - 5*q**2 - 6*q - 5. Let p(c) = h(c) + 5*r(c). Give p(u).
-5
Let r = 135 - 127. Let a be r/(-28) - (-36)/28. Let m(n) = -4*n + 1. Determine m(a).
-3
Let z(u) be the first derivative of u**3/3 - 9*u**2/2 - 6*u + 24. What is z(9)?
-6
Suppose 0 = 4*n + l - 22 + 2, -2*n + 5*l = -32. Let f(h) = h**3 - 5*h**2 - 3*h - 8. Calculate f(n).
10
Let h(d) = 279*d + 52. Let g(t) = -116*t - 21. Let s(c) = 12*g(c) + 5*h(c). Let y(u) = -2*u + 6. Let b be y(6). Give s(b).
-10
Let t(c) = c**3 - 6*c**2 + 5*c. Let o be t(5). Suppose o = -5*p - p - 18. Let m = p - 0. Let b(r) = r - 1. Determine b(m).
-4
Let t(o) = -105 - 7*o**2 + 0*o**2 + 210 - o**3 - 105 - 7*o. Give t(-5).
-15
Let r(k) = k**3 - k**2 + 5*k - 1. Let c(h) = 3*h**3 - 3*h**2 + 11*h - 1. Let x(s) = 2*c(s) - 5*r(s). Give x(-3).
-24
Let u(n) = -n**2 + 5*n + 6. Let v(o) = 13*o - 553. Let m be v(43). Calculate u(m).
0
Let t(s) = -5*s. Let i be t(-2). Let l(r) = i*r + 3*r - 12*r - 2*r**3. Calculate l(1).
-1
Let a(i) = i**2 - 90*i - 1 + 85*i - 2*i**2 + 0. Let r(v) = -2*v + 7. Let j(l) = -3*l + 10. Let s(g) = 5*j(g) - 7*r(g). Let m be s(4). Determine a(m).
5
Let p(b) = 0*b + 0 + 0 + 2 + b. Let d(c) = 3*c + 5. Let l(s) = 2*d(s) - 5*p(s). Determine l(1).
1
Let h(r) = 3*r**2 + 17 - 3*r - 4*r**2 + 12*r - 15*r. Give h(-8).
1
Let j(v) = -v**3 - 3*v**2 - 2*v - 3. Let h be j(-3). Let k(u) = 0*u**3 + 3*u**2 - h + 2*u - u**3 + 2. Determine k(3).
5
Let x(y) = -4*y + 4. Let g = 316 - 311. Determine x(g).
-16
Let m(x) = 2*x**2 - 2*x**3 - 2*x + 1 + 2*x**3 + x**3. Let b(u) be the first derivative of -u**4/4 + 7*u**3/3 + u**2/2 - 10*u - 6. Let o be b(7). What is m(o)?
-2
Let b = 1 + -1. Let z be 9/((-27)/12)*-1. Suppose -3*y = -z*f - b*y + 6, 0 = 2*f + 5*y + 10. Let w(d) = -d**2 + d + 9. What is w(f)?
9
Let y(p) be the second derivative of -p**5/20 - p**4/4 + p**3/2 + 2*p**2 - 3503*p. Suppose -14 = 2*k - 2*o, -k = -5*o - 0*o + 19. Determine y(k).
8
Let m = -10 + 5. Let c(p) = p + 22. Let r be c(0). Let t(b) = -6*b - 6*b**2 + 21 + b**2 - r + 4*b**2. Give t(m).
4
Let u(x) = 3*x**3 - 3*x**2 + 2*x - 18. Let s(j) = -2*j**3 - 2*j + 16. Let y(m) = 4*s(m) + 3*u(m). Calculate y(9).
-8
Suppose 14*g + 675 = -949. Let i = g - -116. Let s(v) = v - 21. What is s(i)?
-21
Let r(y) = y**3 + y**2 - y. Suppose -5*q + 25 = 0, -5*c + 6*q + 15 = 9*q. What is r(c)?
0
Suppose -3*g = 12, -12 = v - 5*v + g. Let r(f) = -1 - 129*f + f**2 - 2*f**v + 125*f. Give r(-5).
-6
Let r(i) = i**3 - 4*i**2 - 4*i + 1. Let a be (-12)/(-30) - (-246)/10. Let t = a - 21. Let z be (2 + 8)/(t/2). What is r(z)?
6
Let k(o) = -59 + 173 - 2*o - 53 - 56. Let a(x) = -x. Let d be a(-5). What is k(d)?
-5
Let d(q) = 2*q**3 + 6*q**2 - 13. Let g be d(-4). Let t be 15*5/g*3. Let u(b) = b**3 + 5*b**2 + 3*b + 4. Calculate u(t).
-11
Let q = -1283 + 1280. Let w(j) = j**3 + 2*j**2 - j + 7. Give w(q).
1
Let w(z) = -7*z - 11. Suppose 95*x + 5 = 94*x. What is w(x)?
24
Let u = 32 - 32. Let j(o) = 0 + u*o + o - 6 + 3. Determine j(-3).
-6
Let v(j) = j**2 + 18*j - 12. Let r be v(-19). Let c = r - 1. Let h(u) = u**2 - 6*u - 7. Determine h(c).
-7
Let q(b) = -b**3 - b**2 + b - 1. Let t(y) = -3*y**3 + 3*y**2 + 8*y + 3. Let u(f) = -2*q(f) + t(f). Give u(6).
5
Let h(v) be the third derivative of 0*v + 0 - 5/6*v**3 + 1/8*v**4 - 37*v**2. Determine h(7).
16
Let u(l) be the first derivative of l**2/2 - 3*l + 579. Suppose -4*f = -2*t, 0 = -2*f - 4*t - 1 - 9. Let r = f + 5. What is u(r)?
1
Let l(d) = 19*d**2 + 13*d + 2. Let w(m) = -10*m**2 - 6*m - 1. Let x(c) = 4*l(c) + 9*w(c). Let f be (-1 + 3)/(4/22). Let r = f + -12. Give x(r).
-13
Suppose 3*y - 3*l - 6 = l, 5*y - l + 7 = 0. Let w(u) be the second derivative of 2*u**3/3 + u**2 + 5*u. Calculate w(y).
-6
Let p(o) = -2*o - 1. Let l(g) = 28*g + 406. Let w be l(-15). Calculate p(w).
27
Suppose 63 - 49 = -7*k. Let v(u) = -u - 5. Calculate v(k).
-3
Suppose 4*y + k = 15, 6*y = y + 4*k + 45. Suppose -3*r + 13 = 2*z - 10, 37 = 3*z + y*r. Let h(v) = -v**2 + 5*v - 4. Calculate h(z).
0
Let j(k) = -38*k - 78. Let c(p) = -19*p - 31. Let d(x) = 5*c(x) - 2*j(x). Determine d(-1).
20
Suppose 0 = 3*c + 9*c - 8*c. Suppose -3*m = m. Let r(z) = c*z + m*z + z + 0*z + 7. Determine r(-5).
2
Let l(z) = z - 21. Let r(i) = -i + 11. Let v(a) = -3*l(a) - 5*r(a). What is v(-5)?
-2
Suppose 6*q + 15 = q - 5*r, -5*q - 3 = r. Let i(h) = h**3 + h**2 + h - 7. Determine i(q).
-7
Suppose -2*l - 38 = 2*c, -33*l = -40*l - 4*c - 127. Let k(h) = 4*h + 59. Give k(l).
-9
Let s(v) = -4*v**3 - 3*v**2 - 2*v + 11. Let m(b) = 7*b**3 + 8*b**2 + 3*b - 22. Let o(n) = 3*m(n) + 5*s(n). Let l be (-6)/(-1)*(-6)/4. Determine o(l).
-2
Let n = 18 - 17. Let d be ((-3 - 4) + 2)/n. Let x(p) be the third derivative of p**5/60 + p**4/4 + p**3/6 - 15*p**2. Give x(d).
-4
Let y be (252/(-70))/9 - 87/(-30). Let o(v) be the fir